{"id":1450,"date":"2021-12-05T18:15:29","date_gmt":"2021-12-05T21:15:29","guid":{"rendered":"https:\/\/www.salivapi.com.br\/edicao2022\/?page_id=1450"},"modified":"2022-06-02T20:13:30","modified_gmt":"2022-06-02T23:13:30","slug":"seminario-lingua-viva","status":"publish","type":"page","link":"https:\/\/www.salivapi.com.br\/edicao2022\/seminario-lingua-viva\/","title":{"rendered":"Semin\u00e1rio L\u00edngua Viva"},"content":{"rendered":"\t\t<div data-elementor-type=\"wp-page\" data-elementor-id=\"1450\" class=\"elementor elementor-1450\" data-elementor-post-type=\"page\">\n\t\t\t\t<div class=\"elementor-element elementor-element-500ea0a e-flex e-con-boxed e-con e-parent\" data-id=\"500ea0a\" data-element_type=\"container\">\n\t\t\t\t\t<div class=\"e-con-inner\">\n\t\t<div class=\"elementor-element elementor-element-96013bf e-con-full e-flex e-con e-child\" data-id=\"96013bf\" data-element_type=\"container\">\n\t\t\t\t<div class=\"elementor-element elementor-element-118163a elementor-widget elementor-widget-text-editor\" data-id=\"118163a\" data-element_type=\"widget\" data-widget_type=\"text-editor.default\">\n\t\t\t\t<div class=\"elementor-widget-container\">\n\t\t\t\t\t\t\t\t\t\n<p>Local: Cine Teatro da UFPI\u00a0<\/p>\n\t\t\t\t\t\t\t\t<\/div>\n\t\t\t\t<\/div>\n\t\t\t\t<div class=\"elementor-element elementor-element-bc4fe95 elementor-widget elementor-widget-image\" data-id=\"bc4fe95\" data-element_type=\"widget\" data-widget_type=\"image.default\">\n\t\t\t\t<div class=\"elementor-widget-container\">\n\t\t\t\t\t\t\t\t\t\t\t\t\t\t\t<img fetchpriority=\"high\" decoding=\"async\" width=\"800\" height=\"400\" src=\"https:\/\/www.salivapi.com.br\/edicao2022\/wp-content\/uploads\/2022\/05\/slide4-salipi-1024x512.png\" class=\"attachment-large size-large wp-image-4458\" alt=\"\" srcset=\"https:\/\/www.salivapi.com.br\/edicao2022\/wp-content\/uploads\/2022\/05\/slide4-salipi-1024x512.png 1024w, https:\/\/www.salivapi.com.br\/edicao2022\/wp-content\/uploads\/2022\/05\/slide4-salipi-300x150.png 300w, https:\/\/www.salivapi.com.br\/edicao2022\/wp-content\/uploads\/2022\/05\/slide4-salipi-768x384.png 768w, https:\/\/www.salivapi.com.br\/edicao2022\/wp-content\/uploads\/2022\/05\/slide4-salipi-1320x660.png 1320w, https:\/\/www.salivapi.com.br\/edicao2022\/wp-content\/uploads\/2022\/05\/slide4-salipi.png 1400w\" sizes=\"(max-width: 800px) 100vw, 800px\" \/>\t\t\t\t\t\t\t\t\t\t\t\t\t\t\t<\/div>\n\t\t\t\t<\/div>\n\t\t\t\t<div class=\"elementor-element elementor-element-a2c14b0 elementor-widget elementor-widget-text-editor\" data-id=\"a2c14b0\" data-element_type=\"widget\" data-widget_type=\"text-editor.default\">\n\t\t\t\t<div class=\"elementor-widget-container\">\n\t\t\t\t\t\t\t\t\t\n<p>O Semin\u00e1rio sobre a L\u00edngua Portuguesa, Literatura de L\u00edngua Portuguesa e Brasileira, Hist\u00f3ria, Geografia, Arqueologia, Jornalismo, Artes e outras \u00e1reas do conhecimento humano, em forma de palestras desenvolvidas por personalidades de renome local, nacional e internacional, integrando o Calend\u00e1rio Educacional do Estado, visando \u00e0 capacita\u00e7\u00e3o docente, atualiza\u00e7\u00e3o discente e p\u00fablico em geral. A palestras e atividades do 23\u00ba Semin\u00e1rio L\u00edngua Viva e F\u00f3runs Tem\u00e1ticos, contam com int\u00e9rprete de libras.<\/p>\n<p>Em sua 23\u00aa edi\u00e7\u00e3o, o Semin\u00e1rio L\u00edngua Viva acontece paralelo ao Sal\u00e3o do Livro do Piau\u00ed, no Cine Teatro da UFPI. Ao todo s\u00e3o 70 horas\/aulas voltadas para estudantes, escritores, jornalistas, professores e estudiosos.<\/p>\n\t\t\t\t\t\t\t\t<\/div>\n\t\t\t\t<\/div>\n\t\t\t\t<div class=\"elementor-element elementor-element-f6bcfb3 elementor-widget-mobile__width-inherit elementor-widget elementor-widget-text-editor\" data-id=\"f6bcfb3\" data-element_type=\"widget\" data-widget_type=\"text-editor.default\">\n\t\t\t\t<div class=\"elementor-widget-container\">\n\t\t\t\t\t\t\t\t\t\n<h2><strong>SEMIN\u00c1RIO L\u00cdNGUA VIVA<\/strong><\/h2>\n\n\n\t\t\t\t\t\t\t\t<\/div>\n\t\t\t\t<\/div>\n\t\t\t\t<\/div>\n\t\t\t\t\t<\/div>\n\t\t\t\t<\/div>\n\t\t<div class=\"elementor-element elementor-element-8b5d081 e-flex e-con-boxed e-con e-parent\" data-id=\"8b5d081\" data-element_type=\"container\">\n\t\t\t\t\t<div class=\"e-con-inner\">\n\t\t<div class=\"elementor-element elementor-element-0445313 e-con-full e-flex e-con e-child\" data-id=\"0445313\" data-element_type=\"container\">\n\t\t\t\t<div class=\"elementor-element elementor-element-d874b6a elementor-widget elementor-widget-text-editor\" data-id=\"d874b6a\" data-element_type=\"widget\" data-widget_type=\"text-editor.default\">\n\t\t\t\t<div class=\"elementor-widget-container\">\n\t\t\t\t\t\t\t\t\t\n<h2><strong>PROGRAMA\u00c7\u00c3O<\/strong><\/h2>\n\t\t\t\t\t\t\t\t<\/div>\n\t\t\t\t<\/div>\n\t\t\t\t<\/div>\n\t\t\t\t\t<\/div>\n\t\t\t\t<\/div>\n\t\t<div class=\"elementor-element elementor-element-267b866 e-flex e-con-boxed e-con e-parent\" data-id=\"267b866\" data-element_type=\"container\">\n\t\t\t\t\t<div class=\"e-con-inner\">\n\t\t\t\t<div class=\"elementor-element elementor-element-a6cd460 elementor-widget elementor-widget-text-editor\" data-id=\"a6cd460\" data-element_type=\"widget\" data-widget_type=\"text-editor.default\">\n\t\t\t\t<div class=\"elementor-widget-container\">\n\t\t\t\t\t\t\t\t\t\n<h4 class=\"title\"><span style=\"color: #008080;\"><strong>03\/06 &#8211; sexta-feira<\/strong><\/span><\/h4>\n<div class=\"time\"><b>19h<\/b><\/div>\n<ul>\n<li><strong>Jos\u00e9 De Nicola (SP)<\/strong><br \/><strong>Lucas De Nicola (SP)<\/strong><\/li>\n<li>&#8220;Modernismo, identidade nacional e centen\u00e1rios&#8221;<br \/><br \/><\/li>\n<\/ul>\n<h4 class=\"title\"><span style=\"color: #008080;\"><strong>04\/06 &#8211; s\u00e1bado<\/strong><\/span><\/h4>\n<div class=\"time\"><b>18h<\/b><\/div>\n<ul>\n<li><strong>Aline Bei (SP)<\/strong> <br \/>&#8220;A cria\u00e7\u00e3o do Personagem: do palco \u00e0 folha&#8221;<\/li>\n<\/ul>\n<div class=\"time\"><b>19h30<\/b><\/div>\n<ul>\n<li><strong>Mia Couto (Mo\u00e7ambique\/ Portugal)<\/strong><br \/>\u201cO mapeador de aus\u00eancias\u201d<\/li>\n<\/ul>\n<h4 class=\"title\"><span style=\"color: #008080;\"><strong>05\/06 &#8211; domingo<\/strong><\/span><\/h4>\n<div class=\"time\"><b>19h<\/b><\/div>\n<ul>\n<li><strong>Thalita Rebou\u00e7as (RJ)<\/strong> <br \/>Bate-Papo Liter\u00e1rio com a escritora Thalita Rebou\u00e7as<\/li>\n<\/ul>\n<h4 class=\"title\"><span style=\"color: #008080;\"><strong>06\/06 &#8211; segunda-feira<\/strong><\/span><\/h4>\n<div class=\"time\"><b>19h<\/b><\/div>\n<ul>\n<li><strong>Lilia Schwarcz (SP)<\/strong> <br \/>\u201cSobre o Autoritarismo Brasileiro\u201d<\/li>\n<\/ul>\n<h4 class=\"title\"><span style=\"color: #008080;\"><strong>07\/06 &#8211; ter\u00e7a-feira<\/strong><\/span><\/h4>\n<div class=\"time\"><b>19h<\/b><\/div>\n<ul>\n<li><strong>Rita von Hunty (SP)<\/strong> <br \/>\u201cMicro Agress\u00f5es\u201d<\/li>\n<\/ul>\n<h4 class=\"title\"><span style=\"color: #008080;\"><strong>08\/06 &#8211; quarta-feira<\/strong><\/span><\/h4>\n<div class=\"time\"><b>19h<\/b><\/div>\n<ul>\n<li><strong>L\u00edvio Romano Tragtenberg (SP)<\/strong><br \/>Show: \u201cPalavras ao Vento\u201d <br \/>M\u00fasicos: L\u00edvio Tragtenberg (SP), <br \/>Esteban Pascual (SP) e Emerson Boy (PI\/SP)<br \/>\u201cO que se ouviu e n\u00e3o se ouviu na Semana de 22\u201d<\/li>\n<\/ul>\n<h4 class=\"title\"><span style=\"color: #008080;\"><strong>09\/06 &#8211; quinta-feira<\/strong><\/span><\/h4>\n<div class=\"time\"><b>19h<\/b><\/div>\n<ul>\n<li><strong>Carlos Vereza (RJ)<\/strong> <br \/>\u201cMinha chegada ao espiritismo: pode ser pela raz\u00e3o, pelo afeto ou pela dor\u201d<\/li>\n<\/ul>\n<h4 class=\"title\"><span style=\"color: #008080;\"><strong>10\/06 &#8211; sexta-feira<\/strong><\/span><\/h4>\n<div class=\"time\"><b>19h<\/b><\/div>\n<ul>\n<li><strong>Jos\u00e9 Eduardo Agualusa (Angola\/Portugal)<\/strong> <br \/>A l\u00edngua portuguesa no mundo, e as literaturas lus\u00f3fonas<\/li>\n<\/ul>\n<h4 class=\"title\"><span style=\"color: #008080;\"><strong>11\/06 &#8211; s\u00e1bado<\/strong><\/span><\/h4>\n<div class=\"time\"><b>14h30<\/b><\/div>\n<div>\n<div>\n<ul>\n<li><strong>Rodrigo Cust\u00f3dio (SC)<\/strong> <br \/>\u201cComo trabalhamos com Libras acad\u00eamicas?\u201d<\/li>\n<\/ul>\n<p><b>19h<\/b><\/p>\n<\/div>\n<\/div>\n<ul>\n<li><strong>Samer Agi (DF)<\/strong> <br \/>Aprendendo com Machado de Assis, Shakespeare e Jane Austen.<\/li>\n<\/ul>\n<h4 class=\"title\"><span style=\"color: #008080;\"><strong>12\/06 &#8211; domingo<\/strong><\/span><\/h4>\n<div class=\"time\"><b>19h<\/b><\/div>\n<ul>\n<li><strong>Ign\u00e1cio de Loyola Brand\u00e3o (SP)<\/strong> <br \/>\u201cBrasil desconhecido que reage e resiste e a cultura n\u00e3o se deixa vencer\u201d<\/li>\n<\/ul>\n<p>\u00a0<\/p>\n\t\t\t\t\t\t\t\t<\/div>\n\t\t\t\t<\/div>\n\t\t\t\t\t<\/div>\n\t\t\t\t<\/div>\n\t\t\t\t<\/div>\n\t\t","protected":false},"excerpt":{"rendered":"<p>Local: Cine Teatro da UFPI\u00a0 O Semin\u00e1rio sobre a L\u00edngua Portuguesa, Literatura de L\u00edngua Portuguesa e Brasileira, Hist\u00f3ria, Geografia, Arqueologia, Jornalismo, Artes e outras \u00e1reas do conhecimento humano, em forma de palestras desenvolvidas por personalidades de renome local, nacional e internacional, integrando o Calend\u00e1rio Educacional do Estado, visando \u00e0 capacita\u00e7\u00e3o docente, atualiza\u00e7\u00e3o discente e p\u00fablico [&hellip;]<\/p>\n","protected":false},"author":1,"featured_media":0,"parent":0,"menu_order":0,"comment_status":"closed","ping_status":"closed","template":"","meta":{"footnotes":""},"class_list":["post-1450","page","type-page","status-publish","hentry"],"acf":[],"yoast_head":"<!-- This site is optimized with the Yoast SEO plugin v25.6 - https:\/\/yoast.com\/wordpress\/plugins\/seo\/ -->\n<title>Semin\u00e1rio L\u00edngua Viva - 12\u00ba Sal\u00e3o do Livro de Valen\u00e7a do Piau\u00ed - SaLiVa<\/title>\n<meta name=\"robots\" content=\"index, follow, max-snippet:-1, max-image-preview:large, max-video-preview:-1\" \/>\n<link rel=\"canonical\" href=\"https:\/\/www.salivapi.com.br\/edicao2022\/seminario-lingua-viva\/\" \/>\n<meta property=\"og:locale\" content=\"pt_BR\" \/>\n<meta property=\"og:type\" content=\"article\" \/>\n<meta property=\"og:title\" content=\"Semin\u00e1rio L\u00edngua Viva - 12\u00ba Sal\u00e3o do Livro de Valen\u00e7a do Piau\u00ed - SaLiVa\" \/>\n<meta property=\"og:description\" content=\"Local: Cine Teatro da UFPI\u00a0 O Semin\u00e1rio sobre a L\u00edngua Portuguesa, Literatura de L\u00edngua Portuguesa e Brasileira, Hist\u00f3ria, Geografia, Arqueologia, Jornalismo, Artes e outras \u00e1reas do conhecimento humano, em forma de palestras desenvolvidas por personalidades de renome local, nacional e internacional, integrando o Calend\u00e1rio Educacional do Estado, visando \u00e0 capacita\u00e7\u00e3o docente, atualiza\u00e7\u00e3o discente e p\u00fablico [&hellip;]\" \/>\n<meta property=\"og:url\" content=\"https:\/\/www.salivapi.com.br\/edicao2022\/seminario-lingua-viva\/\" \/>\n<meta property=\"og:site_name\" content=\"12\u00ba Sal\u00e3o do Livro de Valen\u00e7a do Piau\u00ed - SaLiVa\" \/>\n<meta property=\"article:publisher\" content=\"https:\/\/www.facebook.com\/salaodolivrodopiaui\/\" \/>\n<meta property=\"article:modified_time\" content=\"2022-06-02T23:13:30+00:00\" \/>\n<meta property=\"og:image\" content=\"https:\/\/www.salivapi.com.br\/edicao2022\/wp-content\/uploads\/2022\/05\/slide4-salipi-1024x512.png\" \/>\n<meta name=\"twitter:card\" content=\"summary_large_image\" \/>\n<meta name=\"twitter:label1\" content=\"Est. tempo de leitura\" \/>\n\t<meta name=\"twitter:data1\" content=\"2 minutos\" \/>\n<script type=\"application\/ld+json\" class=\"yoast-schema-graph\">{\"@context\":\"https:\/\/schema.org\",\"@graph\":[{\"@type\":\"WebPage\",\"@id\":\"https:\/\/www.salivapi.com.br\/edicao2022\/seminario-lingua-viva\/\",\"url\":\"https:\/\/www.salivapi.com.br\/edicao2022\/seminario-lingua-viva\/\",\"name\":\"Semin\u00e1rio L\u00edngua Viva - 12\u00ba Sal\u00e3o do Livro de Valen\u00e7a do Piau\u00ed - SaLiVa\",\"isPartOf\":{\"@id\":\"https:\/\/www.salivapi.com.br\/edicao2022\/#website\"},\"primaryImageOfPage\":{\"@id\":\"https:\/\/www.salivapi.com.br\/edicao2022\/seminario-lingua-viva\/#primaryimage\"},\"image\":{\"@id\":\"https:\/\/www.salivapi.com.br\/edicao2022\/seminario-lingua-viva\/#primaryimage\"},\"thumbnailUrl\":\"https:\/\/www.salivapi.com.br\/edicao2022\/wp-content\/uploads\/2022\/05\/slide4-salipi-1024x512.png\",\"datePublished\":\"2021-12-05T21:15:29+00:00\",\"dateModified\":\"2022-06-02T23:13:30+00:00\",\"breadcrumb\":{\"@id\":\"https:\/\/www.salivapi.com.br\/edicao2022\/seminario-lingua-viva\/#breadcrumb\"},\"inLanguage\":\"pt-BR\",\"potentialAction\":[{\"@type\":\"ReadAction\",\"target\":[\"https:\/\/www.salivapi.com.br\/edicao2022\/seminario-lingua-viva\/\"]}]},{\"@type\":\"ImageObject\",\"inLanguage\":\"pt-BR\",\"@id\":\"https:\/\/www.salivapi.com.br\/edicao2022\/seminario-lingua-viva\/#primaryimage\",\"url\":\"https:\/\/www.salivapi.com.br\/edicao2022\/wp-content\/uploads\/2022\/05\/slide4-salipi-1024x512.png\",\"contentUrl\":\"https:\/\/www.salivapi.com.br\/edicao2022\/wp-content\/uploads\/2022\/05\/slide4-salipi-1024x512.png\"},{\"@type\":\"BreadcrumbList\",\"@id\":\"https:\/\/www.salivapi.com.br\/edicao2022\/seminario-lingua-viva\/#breadcrumb\",\"itemListElement\":[{\"@type\":\"ListItem\",\"position\":1,\"name\":\"In\u00edcio\",\"item\":\"https:\/\/www.salivapi.com.br\/edicao2022\/\"},{\"@type\":\"ListItem\",\"position\":2,\"name\":\"Semin\u00e1rio L\u00edngua Viva\"}]},{\"@type\":\"WebSite\",\"@id\":\"https:\/\/www.salivapi.com.br\/edicao2022\/#website\",\"url\":\"https:\/\/www.salivapi.com.br\/edicao2022\/\",\"name\":\"12\u00ba Sal\u00e3o do Livro de Valen\u00e7a do Piau\u00ed - SaLiVa\",\"description\":\"14 a 17 de setembro - Unidade Escolar Santo Ant\u00f4nio \u2013 UESA\",\"publisher\":{\"@id\":\"https:\/\/www.salivapi.com.br\/edicao2022\/#organization\"},\"potentialAction\":[{\"@type\":\"SearchAction\",\"target\":{\"@type\":\"EntryPoint\",\"urlTemplate\":\"https:\/\/www.salivapi.com.br\/edicao2022\/?s={search_term_string}\"},\"query-input\":{\"@type\":\"PropertyValueSpecification\",\"valueRequired\":true,\"valueName\":\"search_term_string\"}}],\"inLanguage\":\"pt-BR\"},{\"@type\":\"Organization\",\"@id\":\"https:\/\/www.salivapi.com.br\/edicao2022\/#organization\",\"name\":\"Sal\u00e3o do Livro de Valen\u00e7a do Piau\u00ed - SaLiVa\",\"url\":\"https:\/\/www.salivapi.com.br\/edicao2022\/\",\"logo\":{\"@type\":\"ImageObject\",\"inLanguage\":\"pt-BR\",\"@id\":\"https:\/\/www.salivapi.com.br\/edicao2022\/#\/schema\/logo\/image\/\",\"url\":\"https:\/\/www.salivapi.com.br\/edicao2022\/wp-content\/uploads\/2021\/10\/logomarca_saliva2022.png\",\"contentUrl\":\"https:\/\/www.salivapi.com.br\/edicao2022\/wp-content\/uploads\/2021\/10\/logomarca_saliva2022.png\",\"width\":400,\"height\":166,\"caption\":\"Sal\u00e3o do Livro de Valen\u00e7a do Piau\u00ed - SaLiVa\"},\"image\":{\"@id\":\"https:\/\/www.salivapi.com.br\/edicao2022\/#\/schema\/logo\/image\/\"},\"sameAs\":[\"https:\/\/www.facebook.com\/salaodolivrodopiaui\/\",\"https:\/\/www.instagram.com\/salaodolivrodopiaui\/\"]}]}<\/script>\n<!-- \/ Yoast SEO plugin. -->","yoast_head_json":{"title":"Semin\u00e1rio L\u00edngua Viva - 12\u00ba Sal\u00e3o do Livro de Valen\u00e7a do Piau\u00ed - SaLiVa","robots":{"index":"index","follow":"follow","max-snippet":"max-snippet:-1","max-image-preview":"max-image-preview:large","max-video-preview":"max-video-preview:-1"},"canonical":"https:\/\/www.salivapi.com.br\/edicao2022\/seminario-lingua-viva\/","og_locale":"pt_BR","og_type":"article","og_title":"Semin\u00e1rio L\u00edngua Viva - 12\u00ba Sal\u00e3o do Livro de Valen\u00e7a do Piau\u00ed - SaLiVa","og_description":"Local: Cine Teatro da UFPI\u00a0 O Semin\u00e1rio sobre a L\u00edngua Portuguesa, Literatura de L\u00edngua Portuguesa e Brasileira, Hist\u00f3ria, Geografia, Arqueologia, Jornalismo, Artes e outras \u00e1reas do conhecimento humano, em forma de palestras desenvolvidas por personalidades de renome local, nacional e internacional, integrando o Calend\u00e1rio Educacional do Estado, visando \u00e0 capacita\u00e7\u00e3o docente, atualiza\u00e7\u00e3o discente e p\u00fablico [&hellip;]","og_url":"https:\/\/www.salivapi.com.br\/edicao2022\/seminario-lingua-viva\/","og_site_name":"12\u00ba Sal\u00e3o do Livro de Valen\u00e7a do Piau\u00ed - SaLiVa","article_publisher":"https:\/\/www.facebook.com\/salaodolivrodopiaui\/","article_modified_time":"2022-06-02T23:13:30+00:00","og_image":[{"url":"https:\/\/www.salivapi.com.br\/edicao2022\/wp-content\/uploads\/2022\/05\/slide4-salipi-1024x512.png","type":"","width":"","height":""}],"twitter_card":"summary_large_image","twitter_misc":{"Est. tempo de leitura":"2 minutos"},"schema":{"@context":"https:\/\/schema.org","@graph":[{"@type":"WebPage","@id":"https:\/\/www.salivapi.com.br\/edicao2022\/seminario-lingua-viva\/","url":"https:\/\/www.salivapi.com.br\/edicao2022\/seminario-lingua-viva\/","name":"Semin\u00e1rio L\u00edngua Viva - 12\u00ba Sal\u00e3o do Livro de Valen\u00e7a do Piau\u00ed - SaLiVa","isPartOf":{"@id":"https:\/\/www.salivapi.com.br\/edicao2022\/#website"},"primaryImageOfPage":{"@id":"https:\/\/www.salivapi.com.br\/edicao2022\/seminario-lingua-viva\/#primaryimage"},"image":{"@id":"https:\/\/www.salivapi.com.br\/edicao2022\/seminario-lingua-viva\/#primaryimage"},"thumbnailUrl":"https:\/\/www.salivapi.com.br\/edicao2022\/wp-content\/uploads\/2022\/05\/slide4-salipi-1024x512.png","datePublished":"2021-12-05T21:15:29+00:00","dateModified":"2022-06-02T23:13:30+00:00","breadcrumb":{"@id":"https:\/\/www.salivapi.com.br\/edicao2022\/seminario-lingua-viva\/#breadcrumb"},"inLanguage":"pt-BR","potentialAction":[{"@type":"ReadAction","target":["https:\/\/www.salivapi.com.br\/edicao2022\/seminario-lingua-viva\/"]}]},{"@type":"ImageObject","inLanguage":"pt-BR","@id":"https:\/\/www.salivapi.com.br\/edicao2022\/seminario-lingua-viva\/#primaryimage","url":"https:\/\/www.salivapi.com.br\/edicao2022\/wp-content\/uploads\/2022\/05\/slide4-salipi-1024x512.png","contentUrl":"https:\/\/www.salivapi.com.br\/edicao2022\/wp-content\/uploads\/2022\/05\/slide4-salipi-1024x512.png"},{"@type":"BreadcrumbList","@id":"https:\/\/www.salivapi.com.br\/edicao2022\/seminario-lingua-viva\/#breadcrumb","itemListElement":[{"@type":"ListItem","position":1,"name":"In\u00edcio","item":"https:\/\/www.salivapi.com.br\/edicao2022\/"},{"@type":"ListItem","position":2,"name":"Semin\u00e1rio L\u00edngua Viva"}]},{"@type":"WebSite","@id":"https:\/\/www.salivapi.com.br\/edicao2022\/#website","url":"https:\/\/www.salivapi.com.br\/edicao2022\/","name":"12\u00ba Sal\u00e3o do Livro de Valen\u00e7a do Piau\u00ed - SaLiVa","description":"14 a 17 de setembro - Unidade Escolar Santo Ant\u00f4nio \u2013 UESA","publisher":{"@id":"https:\/\/www.salivapi.com.br\/edicao2022\/#organization"},"potentialAction":[{"@type":"SearchAction","target":{"@type":"EntryPoint","urlTemplate":"https:\/\/www.salivapi.com.br\/edicao2022\/?s={search_term_string}"},"query-input":{"@type":"PropertyValueSpecification","valueRequired":true,"valueName":"search_term_string"}}],"inLanguage":"pt-BR"},{"@type":"Organization","@id":"https:\/\/www.salivapi.com.br\/edicao2022\/#organization","name":"Sal\u00e3o do Livro de Valen\u00e7a do Piau\u00ed - SaLiVa","url":"https:\/\/www.salivapi.com.br\/edicao2022\/","logo":{"@type":"ImageObject","inLanguage":"pt-BR","@id":"https:\/\/www.salivapi.com.br\/edicao2022\/#\/schema\/logo\/image\/","url":"https:\/\/www.salivapi.com.br\/edicao2022\/wp-content\/uploads\/2021\/10\/logomarca_saliva2022.png","contentUrl":"https:\/\/www.salivapi.com.br\/edicao2022\/wp-content\/uploads\/2021\/10\/logomarca_saliva2022.png","width":400,"height":166,"caption":"Sal\u00e3o do Livro de Valen\u00e7a do Piau\u00ed - SaLiVa"},"image":{"@id":"https:\/\/www.salivapi.com.br\/edicao2022\/#\/schema\/logo\/image\/"},"sameAs":["https:\/\/www.facebook.com\/salaodolivrodopiaui\/","https:\/\/www.instagram.com\/salaodolivrodopiaui\/"]}]}},"_links":{"self":[{"href":"https:\/\/www.salivapi.com.br\/edicao2022\/wp-json\/wp\/v2\/pages\/1450","targetHints":{"allow":["GET"]}}],"collection":[{"href":"https:\/\/www.salivapi.com.br\/edicao2022\/wp-json\/wp\/v2\/pages"}],"about":[{"href":"https:\/\/www.salivapi.com.br\/edicao2022\/wp-json\/wp\/v2\/types\/page"}],"author":[{"embeddable":true,"href":"https:\/\/www.salivapi.com.br\/edicao2022\/wp-json\/wp\/v2\/users\/1"}],"replies":[{"embeddable":true,"href":"https:\/\/www.salivapi.com.br\/edicao2022\/wp-json\/wp\/v2\/comments?post=1450"}],"version-history":[{"count":215,"href":"https:\/\/www.salivapi.com.br\/edicao2022\/wp-json\/wp\/v2\/pages\/1450\/revisions"}],"predecessor-version":[{"id":4663,"href":"https:\/\/www.salivapi.com.br\/edicao2022\/wp-json\/wp\/v2\/pages\/1450\/revisions\/4663"}],"wp:attachment":[{"href":"https:\/\/www.salivapi.com.br\/edicao2022\/wp-json\/wp\/v2\/media?parent=1450"}],"curies":[{"name":"wp","href":"https:\/\/api.w.org\/{rel}","templated":true}]}}