{"id":1403,"date":"2021-12-05T17:51:27","date_gmt":"2021-12-05T20:51:27","guid":{"rendered":"https:\/\/www.salivapi.com.br\/edicao2022\/?page_id=1403"},"modified":"2022-05-18T18:57:08","modified_gmt":"2022-05-18T21:57:08","slug":"realizacao-e-organizacao","status":"publish","type":"page","link":"https:\/\/www.salivapi.com.br\/edicao2022\/realizacao-e-organizacao\/","title":{"rendered":"Realiza\u00e7\u00e3o e Organiza\u00e7\u00e3o"},"content":{"rendered":"\t\t<div data-elementor-type=\"wp-page\" data-elementor-id=\"1403\" class=\"elementor elementor-1403\" data-elementor-post-type=\"page\">\n\t\t\t\t\t\t<section class=\"elementor-section elementor-top-section elementor-element elementor-element-2f63d3c8 elementor-section-boxed elementor-section-height-default elementor-section-height-default\" data-id=\"2f63d3c8\" data-element_type=\"section\">\n\t\t\t\t\t\t<div class=\"elementor-container elementor-column-gap-default\">\n\t\t\t\t\t<div class=\"elementor-column elementor-col-100 elementor-top-column elementor-element elementor-element-70923127\" data-id=\"70923127\" data-element_type=\"column\">\n\t\t\t<div class=\"elementor-widget-wrap elementor-element-populated\">\n\t\t\t\t\t\t<div class=\"elementor-element elementor-element-6adfd89a elementor-widget elementor-widget-text-editor\" data-id=\"6adfd89a\" data-element_type=\"widget\" data-widget_type=\"text-editor.default\">\n\t\t\t\t<div class=\"elementor-widget-container\">\n\t\t\t\t\t\t\t\t\t<p><\/p>\n<p><img fetchpriority=\"high\" decoding=\"async\" class=\"alignright wp-image-1793 size-medium\" src=\"https:\/\/www.salivapi.com.br\/edicao2022\/wp-content\/uploads\/2021\/12\/ufpi-quixote.fw_-300x197.png\" alt=\"\" width=\"300\" height=\"197\" srcset=\"https:\/\/www.salivapi.com.br\/edicao2022\/wp-content\/uploads\/2021\/12\/ufpi-quixote.fw_-300x197.png 300w, https:\/\/www.salivapi.com.br\/edicao2022\/wp-content\/uploads\/2021\/12\/ufpi-quixote.fw_.png 305w\" sizes=\"(max-width: 300px) 100vw, 300px\" \/>A Funda\u00e7\u00e3o Quixote \u00e9 uma pessoa jur\u00eddica de direito privado, sem fins lucrativos, com sede na cidade de Teresina, Capital do Estado do Piau\u00ed, tendo suas atividades voltadas majoritariamente para o incentivo ao desenvolvimento da cultura piauiense e brasileira e para a defesa e conserva\u00e7\u00e3o do patrim\u00f4nio hist\u00f3rico, art\u00edstico e cultural.<\/p>\n<p><\/p>\n<p>Como parceiro, a UFPI realiza junto com a Funda\u00e7\u00e3o Quixote o Sal\u00e3o do Livro do Piau\u00ed o Semin\u00e1rio L\u00edngua Viva. O Salipi trouxe uma visibilidade muito grande para a produ\u00e7\u00e3o e linha editorial da EDUFPI. E est\u00e3o previstos em torno de quarenta lan\u00e7amentos.\u201d<\/p>\n<p><\/p>\n<p>Para alcan\u00e7ar esses objetivos, a Funda\u00e7\u00e3o Quixote<br>\u2022 organiza cursos, semin\u00e1rios, oficinas, congressos, promove concursos liter\u00e1rios;<br>\u2022 edita, publica e distribui livros, revistas e peri\u00f3dicos;<br>\u2022 produz, distribui e comercializa cds e dvds, al\u00e9m de realizar projetos de alfabetiza\u00e7\u00e3o para jovens e adultos.<\/p>\n<p><\/p>\n<p>Como atividade principal a Funda\u00e7\u00e3o Quixote realiza, desde 2003, o Sal\u00e3o do Livro do Piau\u00ed- SALIPI. O evento consta do Calend\u00e1rio Brasileiro de Exposi\u00e7\u00f5es e Feiras conforme publica\u00e7\u00e3o oficial do Governo Federal atrav\u00e9s dos Minist\u00e9rios das Rela\u00e7\u00f5es Exteriores e Minist\u00e9rio do Desenvolvimento, Ind\u00fastria e Com\u00e9rcio Exterior, bem como do Calend\u00e1rio Estadual divulgado pela SECULT\/PI (Secretaria de Estado da Cultura).<\/p>\n<p><\/p>\n<p>Al\u00e9m do SaLiPi, a Funda\u00e7\u00e3o Quixote tamb\u00e9m executa alguns dos principais eventos deste meio, no Estado do Piau\u00ed, em parcerias com prefeituras e outros \u00f3rg\u00e3os institucionais p\u00fablicos e privados. S\u00e3o exemplos de sucesso o:<\/p>\n<p><\/p>\n<p><strong>\u2022 Sal\u00e3o do Livro Regional de Valen\u00e7a-SaLiVa\/PI;<\/strong><br><strong>\u2022 Sal\u00e3o do Livro Regional de Parna\u00edba-PI\/SaLiPa;<\/strong><br><strong>\u2022 Sal\u00e3o do Livro Regional de Picos\/SaLiPicos (em processo de retomada);<\/strong><br><strong>\u2022 Sal\u00e3o do Livro Regional de Bom Jesus\/SaLiBom;<\/strong><br><strong>\u2022 Sal\u00e3o do Livro Regional de Campo Maior\/SaLiCam;<\/strong><br><strong>\u2022 Sal\u00e3o do Livro Regional de Pedro II\/SaLiP2;<\/strong><br><strong>\u2022 Sal\u00e3o do Livro Regional de Coivaras\/SaLiCo;<\/strong><br><strong>\u2022 Sal\u00e3o do Livro Regional de Jos\u00e9 de Freitas\/SaLiJo (como entidade apoiadora);<\/strong><br><strong>\u2022 Sal\u00e3o do Livro Regional de Altos\/SaLiAltos (como entidade apoiadora);<\/strong><br><strong>\u2022 Sal\u00e3o do Livro Regional de Elesb\u00e3o Veloso (em processo de retomada);<\/strong><\/p>\n<p><\/p>\n<p>A longo de 12 anos de exist\u00eancia a Funda\u00e7\u00e3o Quixote tem sido uma importante institui\u00e7\u00e3o em defesa do livro e da leitura como agentes de transforma\u00e7\u00e3o social e cultural no Estado do Piau\u00ed.<\/p>\n<p><\/p>\n<p><strong>DIRETORIA DA FUNDA\u00c7\u00c3O QUIXOTE<br><\/strong><strong>QUADRI\u00caNIO 2020-2022<br><\/strong><strong>Ficha T\u00e9cnica<\/strong><\/p>\n<p><\/p>\n<p>K\u00e1ssio Fernando da Silva Gomes<br>\u2013 Presidente \u2013<\/p>\n<p><\/p>\n<p>Sandra Maria Nogueira Cruz<br>\u2013 Vice-Presidente \u2013<\/p>\n<p><\/p>\n<p>Karoline Mendes de Sousa<br>\u2013 Secret\u00e1ria \u2013<\/p>\n<p><\/p>\n<p>Edilva Barbosa da Silva Lima<br>\u2013 Tesoureira \u2013<\/p>\n<p><\/p>\n<p><strong>Conselho Fiscal<\/strong><\/p>\n<p><\/p>\n<p><strong>Membros Titulares:<\/strong><\/p>\n<p><\/p>\n<p>Gisleno Feitosa<br>Fabiana de Sousa Ferreira Brito<br>Samya Patr\u00edcia Silva de Almeida<\/p>\n<p><\/p>\n<p><strong>Membros Suplentes:<\/strong><\/p>\n<p><\/p>\n<p>Jos\u00e9 Magno de Sousa Vieira<br>Lanna Caroline Silva de Almeida<br>Jefferson William Barbosa de Freitas Lima<\/p>\n<p><\/p>\n<p><strong>S\u00f3cios-Fundadores em atividade no SaLiPi<\/strong><\/p>\n<p><\/p>\n<p>Luiz Romero Lima<br>Cineas das Chagas Santos<\/p>\n<p><\/p>\t\t\t\t\t\t\t\t<\/div>\n\t\t\t\t<\/div>\n\t\t\t\t\t<\/div>\n\t\t<\/div>\n\t\t\t\t\t<\/div>\n\t\t<\/section>\n\t\t\t\t<\/div>\n\t\t","protected":false},"excerpt":{"rendered":"<p>A Funda\u00e7\u00e3o Quixote \u00e9 uma pessoa jur\u00eddica de direito privado, sem fins lucrativos, com sede na cidade de Teresina, Capital do Estado do Piau\u00ed, tendo suas atividades voltadas majoritariamente para o incentivo ao desenvolvimento da cultura piauiense e brasileira e para a defesa e conserva\u00e7\u00e3o do patrim\u00f4nio hist\u00f3rico, art\u00edstico e cultural. Como parceiro, a UFPI [&hellip;]<\/p>\n","protected":false},"author":1,"featured_media":0,"parent":0,"menu_order":0,"comment_status":"closed","ping_status":"closed","template":"","meta":{"footnotes":""},"class_list":["post-1403","page","type-page","status-publish","hentry"],"acf":[],"yoast_head":"<!-- This site is optimized with the Yoast SEO plugin v25.6 - https:\/\/yoast.com\/wordpress\/plugins\/seo\/ -->\n<title>Realiza\u00e7\u00e3o e Organiza\u00e7\u00e3o - 12\u00ba Sal\u00e3o do Livro de Valen\u00e7a do Piau\u00ed - SaLiVa<\/title>\n<meta name=\"robots\" content=\"index, follow, max-snippet:-1, max-image-preview:large, max-video-preview:-1\" \/>\n<link rel=\"canonical\" href=\"https:\/\/www.salivapi.com.br\/edicao2022\/realizacao-e-organizacao\/\" \/>\n<meta property=\"og:locale\" content=\"pt_BR\" \/>\n<meta property=\"og:type\" content=\"article\" \/>\n<meta property=\"og:title\" content=\"Realiza\u00e7\u00e3o e Organiza\u00e7\u00e3o - 12\u00ba Sal\u00e3o do Livro de Valen\u00e7a do Piau\u00ed - SaLiVa\" \/>\n<meta property=\"og:description\" content=\"A Funda\u00e7\u00e3o Quixote \u00e9 uma pessoa jur\u00eddica de direito privado, sem fins lucrativos, com sede na cidade de Teresina, Capital do Estado do Piau\u00ed, tendo suas atividades voltadas majoritariamente para o incentivo ao desenvolvimento da cultura piauiense e brasileira e para a defesa e conserva\u00e7\u00e3o do patrim\u00f4nio hist\u00f3rico, art\u00edstico e cultural. Como parceiro, a UFPI [&hellip;]\" \/>\n<meta property=\"og:url\" content=\"https:\/\/www.salivapi.com.br\/edicao2022\/realizacao-e-organizacao\/\" \/>\n<meta property=\"og:site_name\" content=\"12\u00ba Sal\u00e3o do Livro de Valen\u00e7a do Piau\u00ed - SaLiVa\" \/>\n<meta property=\"article:publisher\" content=\"https:\/\/www.facebook.com\/salaodolivrodopiaui\/\" \/>\n<meta property=\"article:modified_time\" content=\"2022-05-18T21:57:08+00:00\" \/>\n<meta property=\"og:image\" content=\"https:\/\/www.salivapi.com.br\/edicao2022\/wp-content\/uploads\/2021\/12\/ufpi-quixote.fw_-300x197.png\" \/>\n<meta name=\"twitter:card\" content=\"summary_large_image\" \/>\n<meta name=\"twitter:label1\" content=\"Est. tempo de leitura\" \/>\n\t<meta name=\"twitter:data1\" content=\"3 minutos\" \/>\n<script type=\"application\/ld+json\" class=\"yoast-schema-graph\">{\"@context\":\"https:\/\/schema.org\",\"@graph\":[{\"@type\":\"WebPage\",\"@id\":\"https:\/\/www.salivapi.com.br\/edicao2022\/realizacao-e-organizacao\/\",\"url\":\"https:\/\/www.salivapi.com.br\/edicao2022\/realizacao-e-organizacao\/\",\"name\":\"Realiza\u00e7\u00e3o e Organiza\u00e7\u00e3o - 12\u00ba Sal\u00e3o do Livro de Valen\u00e7a do Piau\u00ed - SaLiVa\",\"isPartOf\":{\"@id\":\"https:\/\/www.salivapi.com.br\/edicao2022\/#website\"},\"primaryImageOfPage\":{\"@id\":\"https:\/\/www.salivapi.com.br\/edicao2022\/realizacao-e-organizacao\/#primaryimage\"},\"image\":{\"@id\":\"https:\/\/www.salivapi.com.br\/edicao2022\/realizacao-e-organizacao\/#primaryimage\"},\"thumbnailUrl\":\"https:\/\/www.salivapi.com.br\/edicao2022\/wp-content\/uploads\/2021\/12\/ufpi-quixote.fw_-300x197.png\",\"datePublished\":\"2021-12-05T20:51:27+00:00\",\"dateModified\":\"2022-05-18T21:57:08+00:00\",\"breadcrumb\":{\"@id\":\"https:\/\/www.salivapi.com.br\/edicao2022\/realizacao-e-organizacao\/#breadcrumb\"},\"inLanguage\":\"pt-BR\",\"potentialAction\":[{\"@type\":\"ReadAction\",\"target\":[\"https:\/\/www.salivapi.com.br\/edicao2022\/realizacao-e-organizacao\/\"]}]},{\"@type\":\"ImageObject\",\"inLanguage\":\"pt-BR\",\"@id\":\"https:\/\/www.salivapi.com.br\/edicao2022\/realizacao-e-organizacao\/#primaryimage\",\"url\":\"https:\/\/www.salivapi.com.br\/edicao2022\/wp-content\/uploads\/2021\/12\/ufpi-quixote.fw_-300x197.png\",\"contentUrl\":\"https:\/\/www.salivapi.com.br\/edicao2022\/wp-content\/uploads\/2021\/12\/ufpi-quixote.fw_-300x197.png\"},{\"@type\":\"BreadcrumbList\",\"@id\":\"https:\/\/www.salivapi.com.br\/edicao2022\/realizacao-e-organizacao\/#breadcrumb\",\"itemListElement\":[{\"@type\":\"ListItem\",\"position\":1,\"name\":\"In\u00edcio\",\"item\":\"https:\/\/www.salivapi.com.br\/edicao2022\/\"},{\"@type\":\"ListItem\",\"position\":2,\"name\":\"Realiza\u00e7\u00e3o e Organiza\u00e7\u00e3o\"}]},{\"@type\":\"WebSite\",\"@id\":\"https:\/\/www.salivapi.com.br\/edicao2022\/#website\",\"url\":\"https:\/\/www.salivapi.com.br\/edicao2022\/\",\"name\":\"12\u00ba Sal\u00e3o do Livro de Valen\u00e7a do Piau\u00ed - SaLiVa\",\"description\":\"14 a 17 de setembro - Unidade Escolar Santo Ant\u00f4nio \u2013 UESA\",\"publisher\":{\"@id\":\"https:\/\/www.salivapi.com.br\/edicao2022\/#organization\"},\"potentialAction\":[{\"@type\":\"SearchAction\",\"target\":{\"@type\":\"EntryPoint\",\"urlTemplate\":\"https:\/\/www.salivapi.com.br\/edicao2022\/?s={search_term_string}\"},\"query-input\":{\"@type\":\"PropertyValueSpecification\",\"valueRequired\":true,\"valueName\":\"search_term_string\"}}],\"inLanguage\":\"pt-BR\"},{\"@type\":\"Organization\",\"@id\":\"https:\/\/www.salivapi.com.br\/edicao2022\/#organization\",\"name\":\"Sal\u00e3o do Livro de Valen\u00e7a do Piau\u00ed - SaLiVa\",\"url\":\"https:\/\/www.salivapi.com.br\/edicao2022\/\",\"logo\":{\"@type\":\"ImageObject\",\"inLanguage\":\"pt-BR\",\"@id\":\"https:\/\/www.salivapi.com.br\/edicao2022\/#\/schema\/logo\/image\/\",\"url\":\"https:\/\/www.salivapi.com.br\/edicao2022\/wp-content\/uploads\/2021\/10\/logomarca_saliva2022.png\",\"contentUrl\":\"https:\/\/www.salivapi.com.br\/edicao2022\/wp-content\/uploads\/2021\/10\/logomarca_saliva2022.png\",\"width\":400,\"height\":166,\"caption\":\"Sal\u00e3o do Livro de Valen\u00e7a do Piau\u00ed - SaLiVa\"},\"image\":{\"@id\":\"https:\/\/www.salivapi.com.br\/edicao2022\/#\/schema\/logo\/image\/\"},\"sameAs\":[\"https:\/\/www.facebook.com\/salaodolivrodopiaui\/\",\"https:\/\/www.instagram.com\/salaodolivrodopiaui\/\"]}]}<\/script>\n<!-- \/ Yoast SEO plugin. -->","yoast_head_json":{"title":"Realiza\u00e7\u00e3o e Organiza\u00e7\u00e3o - 12\u00ba Sal\u00e3o do Livro de Valen\u00e7a do Piau\u00ed - SaLiVa","robots":{"index":"index","follow":"follow","max-snippet":"max-snippet:-1","max-image-preview":"max-image-preview:large","max-video-preview":"max-video-preview:-1"},"canonical":"https:\/\/www.salivapi.com.br\/edicao2022\/realizacao-e-organizacao\/","og_locale":"pt_BR","og_type":"article","og_title":"Realiza\u00e7\u00e3o e Organiza\u00e7\u00e3o - 12\u00ba Sal\u00e3o do Livro de Valen\u00e7a do Piau\u00ed - SaLiVa","og_description":"A Funda\u00e7\u00e3o Quixote \u00e9 uma pessoa jur\u00eddica de direito privado, sem fins lucrativos, com sede na cidade de Teresina, Capital do Estado do Piau\u00ed, tendo suas atividades voltadas majoritariamente para o incentivo ao desenvolvimento da cultura piauiense e brasileira e para a defesa e conserva\u00e7\u00e3o do patrim\u00f4nio hist\u00f3rico, art\u00edstico e cultural. Como parceiro, a UFPI [&hellip;]","og_url":"https:\/\/www.salivapi.com.br\/edicao2022\/realizacao-e-organizacao\/","og_site_name":"12\u00ba Sal\u00e3o do Livro de Valen\u00e7a do Piau\u00ed - SaLiVa","article_publisher":"https:\/\/www.facebook.com\/salaodolivrodopiaui\/","article_modified_time":"2022-05-18T21:57:08+00:00","og_image":[{"url":"https:\/\/www.salivapi.com.br\/edicao2022\/wp-content\/uploads\/2021\/12\/ufpi-quixote.fw_-300x197.png","type":"","width":"","height":""}],"twitter_card":"summary_large_image","twitter_misc":{"Est. tempo de leitura":"3 minutos"},"schema":{"@context":"https:\/\/schema.org","@graph":[{"@type":"WebPage","@id":"https:\/\/www.salivapi.com.br\/edicao2022\/realizacao-e-organizacao\/","url":"https:\/\/www.salivapi.com.br\/edicao2022\/realizacao-e-organizacao\/","name":"Realiza\u00e7\u00e3o e Organiza\u00e7\u00e3o - 12\u00ba Sal\u00e3o do Livro de Valen\u00e7a do Piau\u00ed - SaLiVa","isPartOf":{"@id":"https:\/\/www.salivapi.com.br\/edicao2022\/#website"},"primaryImageOfPage":{"@id":"https:\/\/www.salivapi.com.br\/edicao2022\/realizacao-e-organizacao\/#primaryimage"},"image":{"@id":"https:\/\/www.salivapi.com.br\/edicao2022\/realizacao-e-organizacao\/#primaryimage"},"thumbnailUrl":"https:\/\/www.salivapi.com.br\/edicao2022\/wp-content\/uploads\/2021\/12\/ufpi-quixote.fw_-300x197.png","datePublished":"2021-12-05T20:51:27+00:00","dateModified":"2022-05-18T21:57:08+00:00","breadcrumb":{"@id":"https:\/\/www.salivapi.com.br\/edicao2022\/realizacao-e-organizacao\/#breadcrumb"},"inLanguage":"pt-BR","potentialAction":[{"@type":"ReadAction","target":["https:\/\/www.salivapi.com.br\/edicao2022\/realizacao-e-organizacao\/"]}]},{"@type":"ImageObject","inLanguage":"pt-BR","@id":"https:\/\/www.salivapi.com.br\/edicao2022\/realizacao-e-organizacao\/#primaryimage","url":"https:\/\/www.salivapi.com.br\/edicao2022\/wp-content\/uploads\/2021\/12\/ufpi-quixote.fw_-300x197.png","contentUrl":"https:\/\/www.salivapi.com.br\/edicao2022\/wp-content\/uploads\/2021\/12\/ufpi-quixote.fw_-300x197.png"},{"@type":"BreadcrumbList","@id":"https:\/\/www.salivapi.com.br\/edicao2022\/realizacao-e-organizacao\/#breadcrumb","itemListElement":[{"@type":"ListItem","position":1,"name":"In\u00edcio","item":"https:\/\/www.salivapi.com.br\/edicao2022\/"},{"@type":"ListItem","position":2,"name":"Realiza\u00e7\u00e3o e Organiza\u00e7\u00e3o"}]},{"@type":"WebSite","@id":"https:\/\/www.salivapi.com.br\/edicao2022\/#website","url":"https:\/\/www.salivapi.com.br\/edicao2022\/","name":"12\u00ba Sal\u00e3o do Livro de Valen\u00e7a do Piau\u00ed - SaLiVa","description":"14 a 17 de setembro - Unidade Escolar Santo Ant\u00f4nio \u2013 UESA","publisher":{"@id":"https:\/\/www.salivapi.com.br\/edicao2022\/#organization"},"potentialAction":[{"@type":"SearchAction","target":{"@type":"EntryPoint","urlTemplate":"https:\/\/www.salivapi.com.br\/edicao2022\/?s={search_term_string}"},"query-input":{"@type":"PropertyValueSpecification","valueRequired":true,"valueName":"search_term_string"}}],"inLanguage":"pt-BR"},{"@type":"Organization","@id":"https:\/\/www.salivapi.com.br\/edicao2022\/#organization","name":"Sal\u00e3o do Livro de Valen\u00e7a do Piau\u00ed - SaLiVa","url":"https:\/\/www.salivapi.com.br\/edicao2022\/","logo":{"@type":"ImageObject","inLanguage":"pt-BR","@id":"https:\/\/www.salivapi.com.br\/edicao2022\/#\/schema\/logo\/image\/","url":"https:\/\/www.salivapi.com.br\/edicao2022\/wp-content\/uploads\/2021\/10\/logomarca_saliva2022.png","contentUrl":"https:\/\/www.salivapi.com.br\/edicao2022\/wp-content\/uploads\/2021\/10\/logomarca_saliva2022.png","width":400,"height":166,"caption":"Sal\u00e3o do Livro de Valen\u00e7a do Piau\u00ed - SaLiVa"},"image":{"@id":"https:\/\/www.salivapi.com.br\/edicao2022\/#\/schema\/logo\/image\/"},"sameAs":["https:\/\/www.facebook.com\/salaodolivrodopiaui\/","https:\/\/www.instagram.com\/salaodolivrodopiaui\/"]}]}},"_links":{"self":[{"href":"https:\/\/www.salivapi.com.br\/edicao2022\/wp-json\/wp\/v2\/pages\/1403","targetHints":{"allow":["GET"]}}],"collection":[{"href":"https:\/\/www.salivapi.com.br\/edicao2022\/wp-json\/wp\/v2\/pages"}],"about":[{"href":"https:\/\/www.salivapi.com.br\/edicao2022\/wp-json\/wp\/v2\/types\/page"}],"author":[{"embeddable":true,"href":"https:\/\/www.salivapi.com.br\/edicao2022\/wp-json\/wp\/v2\/users\/1"}],"replies":[{"embeddable":true,"href":"https:\/\/www.salivapi.com.br\/edicao2022\/wp-json\/wp\/v2\/comments?post=1403"}],"version-history":[{"count":17,"href":"https:\/\/www.salivapi.com.br\/edicao2022\/wp-json\/wp\/v2\/pages\/1403\/revisions"}],"predecessor-version":[{"id":3028,"href":"https:\/\/www.salivapi.com.br\/edicao2022\/wp-json\/wp\/v2\/pages\/1403\/revisions\/3028"}],"wp:attachment":[{"href":"https:\/\/www.salivapi.com.br\/edicao2022\/wp-json\/wp\/v2\/media?parent=1403"}],"curies":[{"name":"wp","href":"https:\/\/api.w.org\/{rel}","templated":true}]}}