{"id":47,"date":"2015-07-08T08:19:06","date_gmt":"2015-07-08T08:19:06","guid":{"rendered":"http:\/\/themes.muffingroup.com\/be\/icecream\/?page_id=47"},"modified":"2019-11-12T08:12:03","modified_gmt":"2019-11-12T11:12:03","slug":"pagina-principal","status":"publish","type":"page","link":"https:\/\/www.salivapi.com.br\/edicao2019\/","title":{"rendered":"P\u00e1gina Principal"},"content":{"rendered":"","protected":false},"excerpt":{"rendered":"","protected":false},"author":1,"featured_media":0,"parent":0,"menu_order":0,"comment_status":"open","ping_status":"open","template":"","meta":[],"yoast_head":"<!-- This site is optimized with the Yoast SEO plugin v19.6.1 - https:\/\/yoast.com\/wordpress\/plugins\/seo\/ -->\n<title>P\u00e1gina Principal - 11\u00ba Sal\u00e3o do Livro de Valen\u00e7a do Piau\u00ed - SaLiVa<\/title>\n<meta name=\"robots\" content=\"index, follow, max-snippet:-1, max-image-preview:large, max-video-preview:-1\" \/>\n<link rel=\"canonical\" href=\"https:\/\/www.salivapi.com.br\/edicao2019\/\" \/>\n<meta property=\"og:locale\" content=\"pt_BR\" \/>\n<meta property=\"og:type\" content=\"article\" \/>\n<meta property=\"og:title\" content=\"P\u00e1gina Principal - 11\u00ba Sal\u00e3o do Livro de Valen\u00e7a do Piau\u00ed - SaLiVa\" \/>\n<meta property=\"og:url\" content=\"https:\/\/www.salivapi.com.br\/edicao2019\/\" \/>\n<meta property=\"og:site_name\" content=\"11\u00ba Sal\u00e3o do Livro de Valen\u00e7a do Piau\u00ed - SaLiVa\" \/>\n<meta property=\"article:publisher\" content=\"https:\/\/www.facebook.com\/salivapi\/\" \/>\n<meta property=\"article:modified_time\" content=\"2019-11-12T11:12:03+00:00\" \/>\n<meta name=\"twitter:card\" content=\"summary\" \/>\n<script type=\"application\/ld+json\" class=\"yoast-schema-graph\">{\"@context\":\"https:\/\/schema.org\",\"@graph\":[{\"@type\":\"WebPage\",\"@id\":\"https:\/\/www.salivapi.com.br\/edicao2019\/\",\"url\":\"https:\/\/www.salivapi.com.br\/edicao2019\/\",\"name\":\"P\u00e1gina Principal - 11\u00ba Sal\u00e3o do Livro de Valen\u00e7a do Piau\u00ed - SaLiVa\",\"isPartOf\":{\"@id\":\"https:\/\/www.salivapi.com.br\/edicao2019\/#website\"},\"datePublished\":\"2015-07-08T08:19:06+00:00\",\"dateModified\":\"2019-11-12T11:12:03+00:00\",\"breadcrumb\":{\"@id\":\"https:\/\/www.salivapi.com.br\/edicao2019\/#breadcrumb\"},\"inLanguage\":\"pt-BR\",\"potentialAction\":[{\"@type\":\"ReadAction\",\"target\":[\"https:\/\/www.salivapi.com.br\/edicao2019\/\"]}]},{\"@type\":\"BreadcrumbList\",\"@id\":\"https:\/\/www.salivapi.com.br\/edicao2019\/#breadcrumb\",\"itemListElement\":[{\"@type\":\"ListItem\",\"position\":1,\"name\":\"In\u00edcio\",\"item\":\"https:\/\/www.salivapi.com.br\/edicao2019\/\"},{\"@type\":\"ListItem\",\"position\":2,\"name\":\"P\u00e1gina Principal\"}]},{\"@type\":\"WebSite\",\"@id\":\"https:\/\/www.salivapi.com.br\/edicao2019\/#website\",\"url\":\"https:\/\/www.salivapi.com.br\/edicao2019\/\",\"name\":\"11\u00ba Sal\u00e3o do Livro de Valen\u00e7a do Piau\u00ed - SaLiVa\",\"description\":\"Sal\u00e3o do Livro de Valen\u00e7a do Piau\u00ed, \u00e9 uma vertente regional do SALIPI\",\"potentialAction\":[{\"@type\":\"SearchAction\",\"target\":{\"@type\":\"EntryPoint\",\"urlTemplate\":\"https:\/\/www.salivapi.com.br\/edicao2019\/?s={search_term_string}\"},\"query-input\":\"required name=search_term_string\"}],\"inLanguage\":\"pt-BR\"}]}<\/script>\n<!-- \/ Yoast SEO plugin. -->","yoast_head_json":{"title":"P\u00e1gina Principal - 11\u00ba Sal\u00e3o do Livro de Valen\u00e7a do Piau\u00ed - SaLiVa","robots":{"index":"index","follow":"follow","max-snippet":"max-snippet:-1","max-image-preview":"max-image-preview:large","max-video-preview":"max-video-preview:-1"},"canonical":"https:\/\/www.salivapi.com.br\/edicao2019\/","og_locale":"pt_BR","og_type":"article","og_title":"P\u00e1gina Principal - 11\u00ba Sal\u00e3o do Livro de Valen\u00e7a do Piau\u00ed - SaLiVa","og_url":"https:\/\/www.salivapi.com.br\/edicao2019\/","og_site_name":"11\u00ba Sal\u00e3o do Livro de Valen\u00e7a do Piau\u00ed - SaLiVa","article_publisher":"https:\/\/www.facebook.com\/salivapi\/","article_modified_time":"2019-11-12T11:12:03+00:00","twitter_card":"summary","schema":{"@context":"https:\/\/schema.org","@graph":[{"@type":"WebPage","@id":"https:\/\/www.salivapi.com.br\/edicao2019\/","url":"https:\/\/www.salivapi.com.br\/edicao2019\/","name":"P\u00e1gina Principal - 11\u00ba Sal\u00e3o do Livro de Valen\u00e7a do Piau\u00ed - SaLiVa","isPartOf":{"@id":"https:\/\/www.salivapi.com.br\/edicao2019\/#website"},"datePublished":"2015-07-08T08:19:06+00:00","dateModified":"2019-11-12T11:12:03+00:00","breadcrumb":{"@id":"https:\/\/www.salivapi.com.br\/edicao2019\/#breadcrumb"},"inLanguage":"pt-BR","potentialAction":[{"@type":"ReadAction","target":["https:\/\/www.salivapi.com.br\/edicao2019\/"]}]},{"@type":"BreadcrumbList","@id":"https:\/\/www.salivapi.com.br\/edicao2019\/#breadcrumb","itemListElement":[{"@type":"ListItem","position":1,"name":"In\u00edcio","item":"https:\/\/www.salivapi.com.br\/edicao2019\/"},{"@type":"ListItem","position":2,"name":"P\u00e1gina Principal"}]},{"@type":"WebSite","@id":"https:\/\/www.salivapi.com.br\/edicao2019\/#website","url":"https:\/\/www.salivapi.com.br\/edicao2019\/","name":"11\u00ba Sal\u00e3o do Livro de Valen\u00e7a do Piau\u00ed - SaLiVa","description":"Sal\u00e3o do Livro de Valen\u00e7a do Piau\u00ed, \u00e9 uma vertente regional do SALIPI","potentialAction":[{"@type":"SearchAction","target":{"@type":"EntryPoint","urlTemplate":"https:\/\/www.salivapi.com.br\/edicao2019\/?s={search_term_string}"},"query-input":"required name=search_term_string"}],"inLanguage":"pt-BR"}]}},"_links":{"self":[{"href":"https:\/\/www.salivapi.com.br\/edicao2019\/wp-json\/wp\/v2\/pages\/47"}],"collection":[{"href":"https:\/\/www.salivapi.com.br\/edicao2019\/wp-json\/wp\/v2\/pages"}],"about":[{"href":"https:\/\/www.salivapi.com.br\/edicao2019\/wp-json\/wp\/v2\/types\/page"}],"author":[{"embeddable":true,"href":"https:\/\/www.salivapi.com.br\/edicao2019\/wp-json\/wp\/v2\/users\/1"}],"replies":[{"embeddable":true,"href":"https:\/\/www.salivapi.com.br\/edicao2019\/wp-json\/wp\/v2\/comments?post=47"}],"version-history":[{"count":1,"href":"https:\/\/www.salivapi.com.br\/edicao2019\/wp-json\/wp\/v2\/pages\/47\/revisions"}],"predecessor-version":[{"id":3560,"href":"https:\/\/www.salivapi.com.br\/edicao2019\/wp-json\/wp\/v2\/pages\/47\/revisions\/3560"}],"wp:attachment":[{"href":"https:\/\/www.salivapi.com.br\/edicao2019\/wp-json\/wp\/v2\/media?parent=47"}],"curies":[{"name":"wp","href":"https:\/\/api.w.org\/{rel}","templated":true}]}}

Página Principal

<!-- This site is optimized with the Yoast SEO plugin v19.6.1 - https://yoast.com/wordpress/plugins/seo/ -->
<title>Página Principal - 11º Salão do Livro de Valença do Piauí - SaLiVa</title>
<meta name="robots" content="index, follow, max-snippet:-1, max-image-preview:large, max-video-preview:-1" />
<link rel="canonical" href="https://www.salivapi.com.br/edicao2019/" />
<meta property="og:locale" content="pt_BR" />
<meta property="og:type" content="article" />
<meta property="og:title" content="Página Principal - 11º Salão do Livro de Valença do Piauí - SaLiVa" />
<meta property="og:url" content="https://www.salivapi.com.br/edicao2019/" />
<meta property="og:site_name" content="11º Salão do Livro de Valença do Piauí - SaLiVa" />
<meta property="article:publisher" content="https://www.facebook.com/salivapi/" />
<meta property="article:modified_time" content="2019-11-12T11:12:03+00:00" />
<meta name="twitter:card" content="summary" />
<script type="application/ld+json" class="yoast-schema-graph">{"@context":"https://schema.org","@graph":[{"@type":"WebPage","@id":"https://www.salivapi.com.br/edicao2019/","url":"https://www.salivapi.com.br/edicao2019/","name":"Página Principal - 11º Salão do Livro de Valença do Piauí - SaLiVa","isPartOf":{"@id":"https://www.salivapi.com.br/edicao2019/#website"},"datePublished":"2015-07-08T08:19:06+00:00","dateModified":"2019-11-12T11:12:03+00:00","breadcrumb":{"@id":"https://www.salivapi.com.br/edicao2019/#breadcrumb"},"inLanguage":"pt-BR","potentialAction":[{"@type":"ReadAction","target":["https://www.salivapi.com.br/edicao2019/"]}]},{"@type":"BreadcrumbList","@id":"https://www.salivapi.com.br/edicao2019/#breadcrumb","itemListElement":[{"@type":"ListItem","position":1,"name":"Início","item":"https://www.salivapi.com.br/edicao2019/"},{"@type":"ListItem","position":2,"name":"Página Principal"}]},{"@type":"WebSite","@id":"https://www.salivapi.com.br/edicao2019/#website","url":"https://www.salivapi.com.br/edicao2019/","name":"11º Salão do Livro de Valença do Piauí - SaLiVa","description":"Salão do Livro de Valença do Piauí, é uma vertente regional do SALIPI","potentialAction":[{"@type":"SearchAction","target":{"@type":"EntryPoint","urlTemplate":"https://www.salivapi.com.br/edicao2019/?s={search_term_string}"},"query-input":"required name=search_term_string"}],"inLanguage":"pt-BR"}]}</script>
<!-- / Yoast SEO plugin. -->

Página Principal - 11º Salão do Livro de Valença do Piauí - SaLiVa

11º Salão do Livro de Valença do Piauí - SaLiVa

Início

Salão do Livro de Valença do Piauí, é uma vertente regional do SALIPI
