{"id":3494,"date":"2016-11-21T14:28:48","date_gmt":"2016-11-21T17:28:48","guid":{"rendered":"http:\/\/salivapi.com.br\/edicao2016\/?page_id=3494"},"modified":"2019-11-12T09:43:00","modified_gmt":"2019-11-12T12:43:00","slug":"shows","status":"publish","type":"page","link":"https:\/\/www.salivapi.com.br\/edicao2019\/shows\/","title":{"rendered":"Shows"},"content":{"rendered":"","protected":false},"excerpt":{"rendered":"","protected":false},"author":1,"featured_media":0,"parent":0,"menu_order":0,"comment_status":"open","ping_status":"open","template":"","meta":[],"yoast_head":"<!-- This site is optimized with the Yoast SEO plugin v19.6.1 - https:\/\/yoast.com\/wordpress\/plugins\/seo\/ -->\n<title>Shows - 11\u00ba Sal\u00e3o do Livro de Valen\u00e7a do Piau\u00ed - SaLiVa<\/title>\n<meta name=\"robots\" content=\"index, follow, max-snippet:-1, max-image-preview:large, max-video-preview:-1\" \/>\n<link rel=\"canonical\" href=\"https:\/\/www.salivapi.com.br\/edicao2019\/shows\/\" \/>\n<meta property=\"og:locale\" content=\"pt_BR\" \/>\n<meta property=\"og:type\" content=\"article\" \/>\n<meta property=\"og:title\" content=\"Shows - 11\u00ba Sal\u00e3o do Livro de Valen\u00e7a do Piau\u00ed - SaLiVa\" \/>\n<meta property=\"og:url\" content=\"https:\/\/www.salivapi.com.br\/edicao2019\/shows\/\" \/>\n<meta property=\"og:site_name\" content=\"11\u00ba Sal\u00e3o do Livro de Valen\u00e7a do Piau\u00ed - SaLiVa\" \/>\n<meta property=\"article:publisher\" content=\"https:\/\/www.facebook.com\/salivapi\/\" \/>\n<meta property=\"article:modified_time\" content=\"2019-11-12T12:43:00+00:00\" \/>\n<meta name=\"twitter:card\" content=\"summary\" \/>\n<script type=\"application\/ld+json\" class=\"yoast-schema-graph\">{\"@context\":\"https:\/\/schema.org\",\"@graph\":[{\"@type\":\"WebPage\",\"@id\":\"https:\/\/www.salivapi.com.br\/edicao2019\/shows\/\",\"url\":\"https:\/\/www.salivapi.com.br\/edicao2019\/shows\/\",\"name\":\"Shows - 11\u00ba Sal\u00e3o do Livro de Valen\u00e7a do Piau\u00ed - SaLiVa\",\"isPartOf\":{\"@id\":\"https:\/\/www.salivapi.com.br\/edicao2019\/#website\"},\"datePublished\":\"2016-11-21T17:28:48+00:00\",\"dateModified\":\"2019-11-12T12:43:00+00:00\",\"breadcrumb\":{\"@id\":\"https:\/\/www.salivapi.com.br\/edicao2019\/shows\/#breadcrumb\"},\"inLanguage\":\"pt-BR\",\"potentialAction\":[{\"@type\":\"ReadAction\",\"target\":[\"https:\/\/www.salivapi.com.br\/edicao2019\/shows\/\"]}]},{\"@type\":\"BreadcrumbList\",\"@id\":\"https:\/\/www.salivapi.com.br\/edicao2019\/shows\/#breadcrumb\",\"itemListElement\":[{\"@type\":\"ListItem\",\"position\":1,\"name\":\"In\u00edcio\",\"item\":\"https:\/\/www.salivapi.com.br\/edicao2019\/\"},{\"@type\":\"ListItem\",\"position\":2,\"name\":\"Shows\"}]},{\"@type\":\"WebSite\",\"@id\":\"https:\/\/www.salivapi.com.br\/edicao2019\/#website\",\"url\":\"https:\/\/www.salivapi.com.br\/edicao2019\/\",\"name\":\"11\u00ba Sal\u00e3o do Livro de Valen\u00e7a do Piau\u00ed - SaLiVa\",\"description\":\"Sal\u00e3o do Livro de Valen\u00e7a do Piau\u00ed, \u00e9 uma vertente regional do SALIPI\",\"potentialAction\":[{\"@type\":\"SearchAction\",\"target\":{\"@type\":\"EntryPoint\",\"urlTemplate\":\"https:\/\/www.salivapi.com.br\/edicao2019\/?s={search_term_string}\"},\"query-input\":\"required name=search_term_string\"}],\"inLanguage\":\"pt-BR\"}]}<\/script>\n<!-- \/ Yoast SEO plugin. -->","yoast_head_json":{"title":"Shows - 11\u00ba Sal\u00e3o do Livro de Valen\u00e7a do Piau\u00ed - SaLiVa","robots":{"index":"index","follow":"follow","max-snippet":"max-snippet:-1","max-image-preview":"max-image-preview:large","max-video-preview":"max-video-preview:-1"},"canonical":"https:\/\/www.salivapi.com.br\/edicao2019\/shows\/","og_locale":"pt_BR","og_type":"article","og_title":"Shows - 11\u00ba Sal\u00e3o do Livro de Valen\u00e7a do Piau\u00ed - SaLiVa","og_url":"https:\/\/www.salivapi.com.br\/edicao2019\/shows\/","og_site_name":"11\u00ba Sal\u00e3o do Livro de Valen\u00e7a do Piau\u00ed - SaLiVa","article_publisher":"https:\/\/www.facebook.com\/salivapi\/","article_modified_time":"2019-11-12T12:43:00+00:00","twitter_card":"summary","schema":{"@context":"https:\/\/schema.org","@graph":[{"@type":"WebPage","@id":"https:\/\/www.salivapi.com.br\/edicao2019\/shows\/","url":"https:\/\/www.salivapi.com.br\/edicao2019\/shows\/","name":"Shows - 11\u00ba Sal\u00e3o do Livro de Valen\u00e7a do Piau\u00ed - SaLiVa","isPartOf":{"@id":"https:\/\/www.salivapi.com.br\/edicao2019\/#website"},"datePublished":"2016-11-21T17:28:48+00:00","dateModified":"2019-11-12T12:43:00+00:00","breadcrumb":{"@id":"https:\/\/www.salivapi.com.br\/edicao2019\/shows\/#breadcrumb"},"inLanguage":"pt-BR","potentialAction":[{"@type":"ReadAction","target":["https:\/\/www.salivapi.com.br\/edicao2019\/shows\/"]}]},{"@type":"BreadcrumbList","@id":"https:\/\/www.salivapi.com.br\/edicao2019\/shows\/#breadcrumb","itemListElement":[{"@type":"ListItem","position":1,"name":"In\u00edcio","item":"https:\/\/www.salivapi.com.br\/edicao2019\/"},{"@type":"ListItem","position":2,"name":"Shows"}]},{"@type":"WebSite","@id":"https:\/\/www.salivapi.com.br\/edicao2019\/#website","url":"https:\/\/www.salivapi.com.br\/edicao2019\/","name":"11\u00ba Sal\u00e3o do Livro de Valen\u00e7a do Piau\u00ed - SaLiVa","description":"Sal\u00e3o do Livro de Valen\u00e7a do Piau\u00ed, \u00e9 uma vertente regional do SALIPI","potentialAction":[{"@type":"SearchAction","target":{"@type":"EntryPoint","urlTemplate":"https:\/\/www.salivapi.com.br\/edicao2019\/?s={search_term_string}"},"query-input":"required name=search_term_string"}],"inLanguage":"pt-BR"}]}},"_links":{"self":[{"href":"https:\/\/www.salivapi.com.br\/edicao2019\/wp-json\/wp\/v2\/pages\/3494"}],"collection":[{"href":"https:\/\/www.salivapi.com.br\/edicao2019\/wp-json\/wp\/v2\/pages"}],"about":[{"href":"https:\/\/www.salivapi.com.br\/edicao2019\/wp-json\/wp\/v2\/types\/page"}],"author":[{"embeddable":true,"href":"https:\/\/www.salivapi.com.br\/edicao2019\/wp-json\/wp\/v2\/users\/1"}],"replies":[{"embeddable":true,"href":"https:\/\/www.salivapi.com.br\/edicao2019\/wp-json\/wp\/v2\/comments?post=3494"}],"version-history":[{"count":2,"href":"https:\/\/www.salivapi.com.br\/edicao2019\/wp-json\/wp\/v2\/pages\/3494\/revisions"}],"predecessor-version":[{"id":3782,"href":"https:\/\/www.salivapi.com.br\/edicao2019\/wp-json\/wp\/v2\/pages\/3494\/revisions\/3782"}],"wp:attachment":[{"href":"https:\/\/www.salivapi.com.br\/edicao2019\/wp-json\/wp\/v2\/media?parent=3494"}],"curies":[{"name":"wp","href":"https:\/\/api.w.org\/{rel}","templated":true}]}}

<!-- This site is optimized with the Yoast SEO plugin v19.6.1 - https://yoast.com/wordpress/plugins/seo/ -->
<title>Shows - 11º Salão do Livro de Valença do Piauí - SaLiVa</title>
<meta name="robots" content="index, follow, max-snippet:-1, max-image-preview:large, max-video-preview:-1" />
<link rel="canonical" href="https://www.salivapi.com.br/edicao2019/shows/" />
<meta property="og:locale" content="pt_BR" />
<meta property="og:type" content="article" />
<meta property="og:title" content="Shows - 11º Salão do Livro de Valença do Piauí - SaLiVa" />
<meta property="og:url" content="https://www.salivapi.com.br/edicao2019/shows/" />
<meta property="og:site_name" content="11º Salão do Livro de Valença do Piauí - SaLiVa" />
<meta property="article:publisher" content="https://www.facebook.com/salivapi/" />
<meta property="article:modified_time" content="2019-11-12T12:43:00+00:00" />
<meta name="twitter:card" content="summary" />
<script type="application/ld+json" class="yoast-schema-graph">{"@context":"https://schema.org","@graph":[{"@type":"WebPage","@id":"https://www.salivapi.com.br/edicao2019/shows/","url":"https://www.salivapi.com.br/edicao2019/shows/","name":"Shows - 11º Salão do Livro de Valença do Piauí - SaLiVa","isPartOf":{"@id":"https://www.salivapi.com.br/edicao2019/#website"},"datePublished":"2016-11-21T17:28:48+00:00","dateModified":"2019-11-12T12:43:00+00:00","breadcrumb":{"@id":"https://www.salivapi.com.br/edicao2019/shows/#breadcrumb"},"inLanguage":"pt-BR","potentialAction":[{"@type":"ReadAction","target":["https://www.salivapi.com.br/edicao2019/shows/"]}]},{"@type":"BreadcrumbList","@id":"https://www.salivapi.com.br/edicao2019/shows/#breadcrumb","itemListElement":[{"@type":"ListItem","position":1,"name":"Início","item":"https://www.salivapi.com.br/edicao2019/"},{"@type":"ListItem","position":2,"name":"Shows"}]},{"@type":"WebSite","@id":"https://www.salivapi.com.br/edicao2019/#website","url":"https://www.salivapi.com.br/edicao2019/","name":"11º Salão do Livro de Valença do Piauí - SaLiVa","description":"Salão do Livro de Valença do Piauí, é uma vertente regional do SALIPI","potentialAction":[{"@type":"SearchAction","target":{"@type":"EntryPoint","urlTemplate":"https://www.salivapi.com.br/edicao2019/?s={search_term_string}"},"query-input":"required name=search_term_string"}],"inLanguage":"pt-BR"}]}</script>
<!-- / Yoast SEO plugin. -->

Shows - 11º Salão do Livro de Valença do Piauí - SaLiVa

11º Salão do Livro de Valença do Piauí - SaLiVa

Início

Salão do Livro de Valença do Piauí, é uma vertente regional do SALIPI
