{"id":3205,"date":"2016-10-19T11:02:50","date_gmt":"2016-10-19T13:02:50","guid":{"rendered":"http:\/\/salibom.com.br\/edicao2016\/?page_id=3205"},"modified":"2022-08-11T00:28:55","modified_gmt":"2022-08-11T03:28:55","slug":"contato","status":"publish","type":"page","link":"https:\/\/www.salivapi.com.br\/edicao2019\/contato\/","title":{"rendered":"Contato"},"content":{"rendered":"<h2 style=\"font-weight: bold;\">Fale Conosco<\/h2>\n<p style=\"text-align: justify;\">Utilize o formul\u00e1rio abaixo para enviar a sua mensagem para a equipe do Sal\u00e3o do Livro de Valen\u00e7a do Piau\u00ed\u00a0\u2013 SaLiVa.\u00a0Teremos o prazer de responder, caso necess\u00e1rio.<\/p>\n","protected":false},"excerpt":{"rendered":"<p>Fale Conosco Utilize o formul\u00e1rio abaixo para enviar a sua mensagem para a equipe do Sal\u00e3o do Livro de Valen\u00e7a do Piau\u00ed\u00a0\u2013 SaLiVa.\u00a0Teremos o prazer de<span class=\"excerpt-hellip\"> [\u2026]<\/span><\/p>\n","protected":false},"author":1,"featured_media":0,"parent":0,"menu_order":0,"comment_status":"closed","ping_status":"closed","template":"","meta":[],"yoast_head":"<!-- This site is optimized with the Yoast SEO plugin v19.6.1 - https:\/\/yoast.com\/wordpress\/plugins\/seo\/ -->\n<title>Contato - 11\u00ba Sal\u00e3o do Livro de Valen\u00e7a do Piau\u00ed - SaLiVa<\/title>\n<meta name=\"robots\" content=\"index, follow, max-snippet:-1, max-image-preview:large, max-video-preview:-1\" \/>\n<link rel=\"canonical\" href=\"https:\/\/www.salivapi.com.br\/edicao2019\/contato\/\" \/>\n<meta property=\"og:locale\" content=\"pt_BR\" \/>\n<meta property=\"og:type\" content=\"article\" \/>\n<meta property=\"og:title\" content=\"Contato - 11\u00ba Sal\u00e3o do Livro de Valen\u00e7a do Piau\u00ed - SaLiVa\" \/>\n<meta property=\"og:description\" content=\"Fale Conosco Utilize o formul\u00e1rio abaixo para enviar a sua mensagem para a equipe do Sal\u00e3o do Livro de Valen\u00e7a do Piau\u00ed\u00a0\u2013 SaLiVa.\u00a0Teremos o prazer de [\u2026]\" \/>\n<meta property=\"og:url\" content=\"https:\/\/www.salivapi.com.br\/edicao2019\/contato\/\" \/>\n<meta property=\"og:site_name\" content=\"11\u00ba Sal\u00e3o do Livro de Valen\u00e7a do Piau\u00ed - SaLiVa\" \/>\n<meta property=\"article:publisher\" content=\"https:\/\/www.facebook.com\/salivapi\/\" \/>\n<meta property=\"article:modified_time\" content=\"2022-08-11T03:28:55+00:00\" \/>\n<meta name=\"twitter:card\" content=\"summary\" \/>\n<script type=\"application\/ld+json\" class=\"yoast-schema-graph\">{\"@context\":\"https:\/\/schema.org\",\"@graph\":[{\"@type\":\"WebPage\",\"@id\":\"https:\/\/www.salivapi.com.br\/edicao2019\/contato\/\",\"url\":\"https:\/\/www.salivapi.com.br\/edicao2019\/contato\/\",\"name\":\"Contato - 11\u00ba Sal\u00e3o do Livro de Valen\u00e7a do Piau\u00ed - SaLiVa\",\"isPartOf\":{\"@id\":\"https:\/\/www.salivapi.com.br\/edicao2019\/#website\"},\"datePublished\":\"2016-10-19T13:02:50+00:00\",\"dateModified\":\"2022-08-11T03:28:55+00:00\",\"breadcrumb\":{\"@id\":\"https:\/\/www.salivapi.com.br\/edicao2019\/contato\/#breadcrumb\"},\"inLanguage\":\"pt-BR\",\"potentialAction\":[{\"@type\":\"ReadAction\",\"target\":[\"https:\/\/www.salivapi.com.br\/edicao2019\/contato\/\"]}]},{\"@type\":\"BreadcrumbList\",\"@id\":\"https:\/\/www.salivapi.com.br\/edicao2019\/contato\/#breadcrumb\",\"itemListElement\":[{\"@type\":\"ListItem\",\"position\":1,\"name\":\"In\u00edcio\",\"item\":\"https:\/\/www.salivapi.com.br\/edicao2019\/\"},{\"@type\":\"ListItem\",\"position\":2,\"name\":\"Contato\"}]},{\"@type\":\"WebSite\",\"@id\":\"https:\/\/www.salivapi.com.br\/edicao2019\/#website\",\"url\":\"https:\/\/www.salivapi.com.br\/edicao2019\/\",\"name\":\"11\u00ba Sal\u00e3o do Livro de Valen\u00e7a do Piau\u00ed - SaLiVa\",\"description\":\"Sal\u00e3o do Livro de Valen\u00e7a do Piau\u00ed, \u00e9 uma vertente regional do SALIPI\",\"potentialAction\":[{\"@type\":\"SearchAction\",\"target\":{\"@type\":\"EntryPoint\",\"urlTemplate\":\"https:\/\/www.salivapi.com.br\/edicao2019\/?s={search_term_string}\"},\"query-input\":\"required name=search_term_string\"}],\"inLanguage\":\"pt-BR\"}]}<\/script>\n<!-- \/ Yoast SEO plugin. -->","yoast_head_json":{"title":"Contato - 11\u00ba Sal\u00e3o do Livro de Valen\u00e7a do Piau\u00ed - SaLiVa","robots":{"index":"index","follow":"follow","max-snippet":"max-snippet:-1","max-image-preview":"max-image-preview:large","max-video-preview":"max-video-preview:-1"},"canonical":"https:\/\/www.salivapi.com.br\/edicao2019\/contato\/","og_locale":"pt_BR","og_type":"article","og_title":"Contato - 11\u00ba Sal\u00e3o do Livro de Valen\u00e7a do Piau\u00ed - SaLiVa","og_description":"Fale Conosco Utilize o formul\u00e1rio abaixo para enviar a sua mensagem para a equipe do Sal\u00e3o do Livro de Valen\u00e7a do Piau\u00ed\u00a0\u2013 SaLiVa.\u00a0Teremos o prazer de [\u2026]","og_url":"https:\/\/www.salivapi.com.br\/edicao2019\/contato\/","og_site_name":"11\u00ba Sal\u00e3o do Livro de Valen\u00e7a do Piau\u00ed - SaLiVa","article_publisher":"https:\/\/www.facebook.com\/salivapi\/","article_modified_time":"2022-08-11T03:28:55+00:00","twitter_card":"summary","schema":{"@context":"https:\/\/schema.org","@graph":[{"@type":"WebPage","@id":"https:\/\/www.salivapi.com.br\/edicao2019\/contato\/","url":"https:\/\/www.salivapi.com.br\/edicao2019\/contato\/","name":"Contato - 11\u00ba Sal\u00e3o do Livro de Valen\u00e7a do Piau\u00ed - SaLiVa","isPartOf":{"@id":"https:\/\/www.salivapi.com.br\/edicao2019\/#website"},"datePublished":"2016-10-19T13:02:50+00:00","dateModified":"2022-08-11T03:28:55+00:00","breadcrumb":{"@id":"https:\/\/www.salivapi.com.br\/edicao2019\/contato\/#breadcrumb"},"inLanguage":"pt-BR","potentialAction":[{"@type":"ReadAction","target":["https:\/\/www.salivapi.com.br\/edicao2019\/contato\/"]}]},{"@type":"BreadcrumbList","@id":"https:\/\/www.salivapi.com.br\/edicao2019\/contato\/#breadcrumb","itemListElement":[{"@type":"ListItem","position":1,"name":"In\u00edcio","item":"https:\/\/www.salivapi.com.br\/edicao2019\/"},{"@type":"ListItem","position":2,"name":"Contato"}]},{"@type":"WebSite","@id":"https:\/\/www.salivapi.com.br\/edicao2019\/#website","url":"https:\/\/www.salivapi.com.br\/edicao2019\/","name":"11\u00ba Sal\u00e3o do Livro de Valen\u00e7a do Piau\u00ed - SaLiVa","description":"Sal\u00e3o do Livro de Valen\u00e7a do Piau\u00ed, \u00e9 uma vertente regional do SALIPI","potentialAction":[{"@type":"SearchAction","target":{"@type":"EntryPoint","urlTemplate":"https:\/\/www.salivapi.com.br\/edicao2019\/?s={search_term_string}"},"query-input":"required name=search_term_string"}],"inLanguage":"pt-BR"}]}},"_links":{"self":[{"href":"https:\/\/www.salivapi.com.br\/edicao2019\/wp-json\/wp\/v2\/pages\/3205"}],"collection":[{"href":"https:\/\/www.salivapi.com.br\/edicao2019\/wp-json\/wp\/v2\/pages"}],"about":[{"href":"https:\/\/www.salivapi.com.br\/edicao2019\/wp-json\/wp\/v2\/types\/page"}],"author":[{"embeddable":true,"href":"https:\/\/www.salivapi.com.br\/edicao2019\/wp-json\/wp\/v2\/users\/1"}],"replies":[{"embeddable":true,"href":"https:\/\/www.salivapi.com.br\/edicao2019\/wp-json\/wp\/v2\/comments?post=3205"}],"version-history":[{"count":2,"href":"https:\/\/www.salivapi.com.br\/edicao2019\/wp-json\/wp\/v2\/pages\/3205\/revisions"}],"predecessor-version":[{"id":3980,"href":"https:\/\/www.salivapi.com.br\/edicao2019\/wp-json\/wp\/v2\/pages\/3205\/revisions\/3980"}],"wp:attachment":[{"href":"https:\/\/www.salivapi.com.br\/edicao2019\/wp-json\/wp\/v2\/media?parent=3205"}],"curies":[{"name":"wp","href":"https:\/\/api.w.org\/{rel}","templated":true}]}}

<h2 style="font-weight: bold;">Fale Conosco</h2>
<p style="text-align: justify;">Utilize o formulário abaixo para enviar a sua mensagem para a equipe do Salão do Livro de Valença do Piauí – SaLiVa. Teremos o prazer de responder, caso necessário.</p>

<p>Fale Conosco Utilize o formulário abaixo para enviar a sua mensagem para a equipe do Salão do Livro de Valença do Piauí – SaLiVa. Teremos o prazer de<span class="excerpt-hellip"> […]</span></p>

<!-- This site is optimized with the Yoast SEO plugin v19.6.1 - https://yoast.com/wordpress/plugins/seo/ -->
<title>Contato - 11º Salão do Livro de Valença do Piauí - SaLiVa</title>
<meta name="robots" content="index, follow, max-snippet:-1, max-image-preview:large, max-video-preview:-1" />
<link rel="canonical" href="https://www.salivapi.com.br/edicao2019/contato/" />
<meta property="og:locale" content="pt_BR" />
<meta property="og:type" content="article" />
<meta property="og:title" content="Contato - 11º Salão do Livro de Valença do Piauí - SaLiVa" />
<meta property="og:description" content="Fale Conosco Utilize o formulário abaixo para enviar a sua mensagem para a equipe do Salão do Livro de Valença do Piauí – SaLiVa. Teremos o prazer de […]" />
<meta property="og:url" content="https://www.salivapi.com.br/edicao2019/contato/" />
<meta property="og:site_name" content="11º Salão do Livro de Valença do Piauí - SaLiVa" />
<meta property="article:publisher" content="https://www.facebook.com/salivapi/" />
<meta property="article:modified_time" content="2022-08-11T03:28:55+00:00" />
<meta name="twitter:card" content="summary" />
<script type="application/ld+json" class="yoast-schema-graph">{"@context":"https://schema.org","@graph":[{"@type":"WebPage","@id":"https://www.salivapi.com.br/edicao2019/contato/","url":"https://www.salivapi.com.br/edicao2019/contato/","name":"Contato - 11º Salão do Livro de Valença do Piauí - SaLiVa","isPartOf":{"@id":"https://www.salivapi.com.br/edicao2019/#website"},"datePublished":"2016-10-19T13:02:50+00:00","dateModified":"2022-08-11T03:28:55+00:00","breadcrumb":{"@id":"https://www.salivapi.com.br/edicao2019/contato/#breadcrumb"},"inLanguage":"pt-BR","potentialAction":[{"@type":"ReadAction","target":["https://www.salivapi.com.br/edicao2019/contato/"]}]},{"@type":"BreadcrumbList","@id":"https://www.salivapi.com.br/edicao2019/contato/#breadcrumb","itemListElement":[{"@type":"ListItem","position":1,"name":"Início","item":"https://www.salivapi.com.br/edicao2019/"},{"@type":"ListItem","position":2,"name":"Contato"}]},{"@type":"WebSite","@id":"https://www.salivapi.com.br/edicao2019/#website","url":"https://www.salivapi.com.br/edicao2019/","name":"11º Salão do Livro de Valença do Piauí - SaLiVa","description":"Salão do Livro de Valença do Piauí, é uma vertente regional do SALIPI","potentialAction":[{"@type":"SearchAction","target":{"@type":"EntryPoint","urlTemplate":"https://www.salivapi.com.br/edicao2019/?s={search_term_string}"},"query-input":"required name=search_term_string"}],"inLanguage":"pt-BR"}]}</script>
<!-- / Yoast SEO plugin. -->

Contato - 11º Salão do Livro de Valença do Piauí - SaLiVa

Fale Conosco Utilize o formulário abaixo para enviar a sua mensagem para a equipe do Salão do Livro de Valença do Piauí – SaLiVa. Teremos o prazer de […]

11º Salão do Livro de Valença do Piauí - SaLiVa

Início

Salão do Livro de Valença do Piauí, é uma vertente regional do SALIPI
